igit of k?
8
Let v = -30005 + 58223. What is the units digit of v?
8
Suppose 2*h + 3*h = -5*c + 75460, -h = 5*c - 75452. What is the tens digit of -4*2/(-3)*c/80?
0
Suppose 2*k + 19 - 103 = 0. Let c be (k/9 - (-2 + 6))*3. Let l(p) = 7*p**2 + 2*p - 5. What is the units digit of l(c)?
7
Let b = 73650 + -31384. What is the units digit of b?
6
What is the ten thousands digit of (8/(-7))/(-4) + 85920/70*25?
3
What is the tens digit of (1860 - -2)*(135 - 131)?
4
Let r be 1 - 1/(-2)*26558. Suppose 48*t - r = 28*t. What is the units digit of t?
4
Let x be (-3*16/(-6))/((-18)/(-3141)). Let m = 2635 - x. What is the units digit of m?
9
Let v be 1433 + (-12)/(-1 - 2). Suppose a = -d - 2*d + 338, -5*d - v = -4*a. What is the units digit of a?
3
Suppose 6*m - 2*m - 5346 = 7286. What is the units digit of m?
8
Let s(g) = -56*g + 2. Let k(x) = 57*x - 2. Suppose -b - 3*q - 4 - 2 = 0, -5*q - 12 = b. Let j(a) = b*k(a) + 4*s(a). What is the tens digit of j(-1)?
5
Let n(w) = 176*w - 2472. What is the thousands digit of n(21)?
1
Let d = -43 - -53. Suppose -d*h - 48 = -14*h. What is the tens digit of (-920)/(-14) + -1 + h/42?
6
Suppose 12 = -4*o + 24. Suppose 0 = 4*w - i + 1, o*w = -4*i + 2*i + 13. Let d(x) = 132*x**3 + x**2 - x. What is the units digit of d(w)?
2
Suppose 1430 = -2*s - 11*s. Let x = s + 107. What is the tens digit of 106 + -8 + 1/1*x?
9
Let h = 80 + -47. Let r = 65 - h. Suppose -5*x + 131 = 4*c, 3*c + 48 = 4*x - r. What is the units digit of x?
3
Let j be (38 - 8)*8/12. Suppose 0 = 3*n - j - 40. What is the tens digit of n?
2
Suppose 3*v - 4*k = 39944, 0 = -41*v + 42*v + 3*k - 13319. What is the hundreds digit of v?
3
Let o = -3 - 3. Let i be 5 + o - 4/(-4). Suppose 6*j + j - 77 = i. What is the units digit of j?
1
Let b be 1*8/(-44) + 1509/11. Suppose 0 = 2*j - 2*a - 192, -j + 4*a + 19 + 74 = 0. Suppose j = 3*l - b. What is the units digit of l?
8
Suppose -2*f + 20896 = -2*v, 13*f - 12*f = 5*v + 10424. What is the thousands digit of f?
0
Suppose -5*z = -71 + 51. Suppose 3112 = z*x - 72. Suppose -4*t + 2*s = 3*s - x, -2*s = 2*t - 404. What is the units digit of t?
8
Suppose 0 = -4*b - 2*b + 81528 - 30750. What is the units digit of b?
3
Let o be (-1)/4 - (-2)/(-8)*-28573. Let z = 822 + o. What is the tens digit of z/195 + 4/26?
4
Let w be -1 - -89 - (0 + 0). Let d be (1/2)/((-56)/(-1456)). Suppose d*g - 237 = w. What is the units digit of g?
5
What is the units digit of 54597*(0 + (-16)/(-24))?
8
Let u be (-15)/(-2 - 3) + (-738)/(-1). Suppose u + 338 = -13*a. Let c = -60 - a. What is the tens digit of c?
2
Suppose -4*x - 8 = 0, 2*o + x - 4*x = 262. Suppose -384 = -2*h - o. What is the units digit of h?
8
Suppose 3*x + i - 7542 = 0, i + 12101 - 4565 = 3*x. What is the units digit of x?
3
Let b = -19959 + 31631. What is the tens digit of b?
7
Let y = -49 - -115. Let z = y - 4. Suppose -32 = -l + z. What is the units digit of l?
4
Suppose -4*z - 38936 = 157*f - 161*f, -f + 9734 = z. What is the hundreds digit of f?
7
Suppose -46*u = -428616 + 95484. What is the thousands digit of u?
7
Let l(c) = -c**2 + c. Let n(b) = 2*b**3 - 34*b**2 + 7*b - 14. Let m(g) = -5*l(g) + n(g). What is the units digit of m(15)?
1
Suppose 8*m = 342 - 166. Suppose -m*i + 787 = -15449. What is the hundreds digit of i?
7
Let k = -554 - -239. Let v = k + 333. What is the units digit of v?
8
Let g(p) = -4355*p + 9318. What is the tens digit of g(-8)?
5
Suppose 15867 = 3*j - u - 2*u, -4*u + 5274 = j. Suppose -4*r - 5286 = -7*c + 4*c, -3*c = -r - j. What is the units digit of c?
2
Let n(k) = k**3 + 3*k**2 - 4*k. Let w be n(-4). Suppose 3*h + 15 = 5*m, 5*h - 6 = -2*m - w. Suppose m*c = -c + 844. What is the hundreds digit of c?
2
Suppose 38*g - 474 = 248. Suppose -307 = -g*q + 700. What is the units digit of q?
3
Let f(t) = -t**2 - 1. Let k(l) = 6*l**2 - 4*l - 4. Suppose 0*c + 5*c + 5 = 5*b, -4 = -4*b + 2*c. Let z(d) = b*k(d) + f(d). What is the units digit of z(6)?
1
Let o be -1 + 2/(2/929). Let q = 1720 - 1718. Suppose -2*x - q*x + o = 0. What is the units digit of x?
2
Let o = -291 - -295. Suppose -d = -o*h - 1101, -5*d + 10*h + 5593 = 12*h. What is the thousands digit of d?
1
Let k(i) = 17*i**2 - 6*i - 31. Let f(y) = -6*y + 94. Let d be f(17). What is the tens digit of k(d)?
0
Let w(r) = 43*r**2 - 34*r - 16. Let u be 27/4 + (99/(-36))/(-11). What is the tens digit of w(u)?
5
What is the thousands digit of 16/48*3225 + 3*-1?
1
Let p(c) = -c**3 + 3*c**2 + 11*c - 1. Let a = 78 + -73. Let q be p(a). Suppose -20*b + q*b = -2752. What is the tens digit of b?
7
What is the hundreds digit of (3 + 8/(-2))*(-2190)/1?
1
Suppose 2*s = -8, -4*s + 38309 = g + 4*g. What is the units digit of g?
5
Suppose 15*r + 3*d + 54 = 20*r, 5*d = 11*r - 114. What is the units digit of r?
9
Suppose -60145 - 26652 = -144*v + 66563. What is the thousands digit of v?
1
What is the units digit of (2156/11 - 8)*4?
2
Suppose 0 = 3*y + 3*r + 7 - 4, 3*y - 3*r - 21 = 0. Let t(j) = j**2 - 4*j + 1. Let m be t(5). Suppose m = -y*i + 12. What is the units digit of i?
2
Let o(d) = -2*d**3 + 3*d**2 - 16*d + 16. Let k be o(8). Let n = k + 2509. What is the hundreds digit of n?
5
Let f(w) be the second derivative of w**4/12 + 5*w**3/6 + 3*w**2/2 - 13*w. Let t be f(-3). What is the units digit of 48 + (-5 - t)*1?
6
Let b be -1*(1 - 0) + 17. Let u = -7097 + 7093. What is the tens digit of 339/4 - u/b?
8
Suppose -782*n = -778*n + 28, -3*n = 4*f - 85675. What is the units digit of f?
4
Suppose -4*c = 20*h - 22*h + 6, -5*h + c + 15 = 0. Suppose 5*i - 3*z = -0*i + 2995, -h*z + 3025 = 5*i. What is the units digit of i?
2
Let s(u) = -51*u**2 + 2*u + 1. Let a be s(-2). Let t = -130 - a. What is the tens digit of t?
7
Let n(f) be the first derivative of -80*f**2 + 192*f - 92. What is the units digit of n(-10)?
2
Let j be (0 + 1)/(37/(-5809)). Let m = j + 305. What is the units digit of m?
8
Suppose 3*l = -3*m + 8*l + 305, 5*m - 519 = 3*l. Suppose 116*b - 8085 = m*b. What is the tens digit of b?
3
Suppose 2*x - 4*t = 97506, 3*x + 4*t + 18155 - 164434 = 0. What is the units digit of x?
7
Let f(a) = 6*a - 2. Let w be f(1). Suppose 8*v - 6*v = w. What is the units digit of 7 - (20/(-4) + v)?
0
Suppose 2*k - 743 - 1484 = -3*v, -v = 5*k - 5535. Suppose 14*z - 1246 = k. What is the hundreds digit of z?
1
Suppose 22*a = 31*a + 17*a - 151736. What is the hundreds digit of a?
8
Suppose 3 = -2*l - 2*l - b, -3*l - b = 2. Let g be (-2 - (-3 - l))*(-1 - 0). What is the tens digit of 19 + -18 + 21 + g/1?
2
Suppose 7*x - 4*k - 33708 = 2*x, -4*x + 26973 = -k. What is the tens digit of x?
4
Suppose 0 = -4*t - 4*d + 30 - 10, t = d - 5. Suppose -3*m - 170 = -5*m. Suppose t*k + 2*y - 35 = -k, 4*k - m = 3*y. What is the units digit of k?
5
Suppose 4*m = -4*r - 3740, -2*r = -13*m + 8*m - 4647. Let o = 711 - m. What is the hundreds digit of o?
6
Let n(b) = 0 + 6 - 45*b + 8*b**2 - b + 2. What is the units digit of n(8)?
2
Let i(y) = 8*y**3 + 14*y**2 - 90*y + 6. What is the hundreds digit of i(9)?
1
Let i be (35/(-3))/((-11)/66). Suppose 3*t = 5*b - 548, 0 = -t - 2*t - 3. Let g = b + i. What is the units digit of g?
9
Let a = -240 + 247. Let z(m) = -2*m**2 + 45*m - 10. What is the hundreds digit of z(a)?
2
Suppose 474220 - 104671 + 284431 = 20*s. What is the hundreds digit of s?
6
Let j(n) = -362*n + 400. What is the hundreds digit of j(-20)?
6
Suppose -2*q - 87 = -1015. Suppose 1612 = -5*g + 4*w, 5*g + 326 = 4*g - w. Let h = g + q. What is the units digit of h?
0
Let o = -535 + 538. Suppose -m = v - 342, -1047 = -o*m + 3*v + v. What is the hundreds digit of m?
3
Let m = -2160 + 4235. Suppose -7*t + m = -4*t - 4*b, 3*t + 2*b - 2063 = 0. What is the tens digit of t?
8
Suppose -1887 - 2636 = -z. Suppose -6*h + z = 863. What is the hundreds digit of h?
6
Let f(p) = p**3 + p**2 + 16*p + 9175. What is the units digit of f(0)?
5
Let v = -22284 + 40092. What is the ten thousands digit of v?
1
Let y(j) = 32*j**2 + 19*j + 176. Let u be y(-8). Let g = u + -1327. What is the hundreds digit of g?
7
Let a(l) = -2*l**3 - 7 + 6 + 8*l**2 + 8 + l**3. Let y be ((-54)/15)/(-3)*5. What is the units digit of a(y)?
9
Let l = 246 - 236. Suppose -9153 = l*x - 19*x. What is the hundreds digit of x?
0
Suppose 0*f = -f - 15. Let i be ((-3)/(-2))/(f/(-4520)) - 2. Let q = -228 + i. 